
2, 3, 1319, 5563
What are the prime factors of 257781163?
257781163
List the prime factors of 3280803508.
2, 43, 19074439
List the prime factors of 2935882162.
2, 41, 257, 139313
What are the prime factors of 3504807?
3, 173, 2251
What are the prime factors of 282990608?
2, 541, 32693
What are the prime factors of 43985132?
2, 107, 102769
What are the prime factors of 2039418062?
2, 11, 619, 149759
What are the prime factors of 618285724?
2, 7, 23, 137153
What are the prime factors of 1627859639?
7, 29, 8019013
What are the prime factors of 743214454?
2, 199, 1867373
List the prime factors of 123599113.
11, 11236283
List the prime factors of 651148758.
2, 3, 13, 73, 38119
What are the prime factors of 565550083?
7, 29, 2785961
List the prime factors of 666375417.
3, 8226857
What are the prime factors of 90252951?
3, 30084317
List the prime factors of 30080562.
2, 3, 5013427
List the prime factors of 39400367.
241, 163487
List the prime factors of 575472203.
575472203
What are the prime factors of 69572896?
2, 191, 11383
List the prime factors of 43551126.
2, 3, 2419507
List the prime factors of 144193026.
2, 3, 23, 1044877
List the prime factors of 123512513.
123512513
List the prime factors of 137047878.
2, 3, 11, 692161
What are the prime factors of 21780459?
3, 2420051
List the prime factors of 1288008.
2, 3, 67, 89
What are the prime factors of 8619538?
2, 131, 167, 197
List the prime factors of 1527085.
5, 7, 23, 271
List the prime factors of 328085245.
5, 31, 2116679
What are the prime factors of 61440467?
11, 5585497
List the prime factors of 37148920.
2, 5, 137, 6779
What are the prime factors of 653193783?
3, 11, 53, 124489
List the prime factors of 75754031.
75754031
What are the prime factors of 839252816?
2, 59, 889039
What are the prime factors of 440407361?
251, 653, 2687
What are the prime factors of 53665886?
2, 1129, 23767
List the prime factors of 2629474944.
2, 3, 6847591
What are the prime factors of 77057069?
77057069
List the prime factors of 422534763.
3, 7, 67, 100103
What are the prime factors of 1964649865?
5, 37, 10619729
What are the prime factors of 28052821?
79, 355099
List the prime factors of 125287531.
125287531
What are the prime factors of 131461623?
3, 439, 3697
List the prime factors of 1169457665.
5, 191, 347, 3529
What are the prime factors of 727869278?
2, 363934639
What are the prime factors of 4418247298?
2, 2209123649
List the prime factors of 133352071.
133352071
List the prime factors of 3481000900.
2, 5, 13, 2677693
What are the prime factors of 98621248?
2, 11, 19, 73, 101
What are the prime factors of 194358842?
2, 97179421
What are the prime factors of 13281495?
3, 5, 47, 18839
List the prime factors of 24596627.
11, 2236057
List the prime factors of 42219452.
2, 11, 959533
What are the prime factors of 75137187?
3, 173, 144773
List the prime factors of 3944880979.
13, 23342491
What are the prime factors of 8845025?
5, 7, 50543
What are the prime factors of 42619231?
42619231
List the prime factors of 20930164.
2, 43, 121687
What are the prime factors of 1170368046?
2, 3, 139, 467773
What are the prime factors of 74367338?
2, 3449, 10781
List the prime factors of 742915074.
2, 3, 11, 1023299
What are the prime factors of 299267145?
3, 5, 23, 199, 1453
What are the prime factors of 786162065?
5, 13, 12094801
What are the prime factors of 1998619565?
5, 37, 10803349
What are the prime factors of 916965316?
2, 2243, 102203
What are the prime factors of 2063244948?
2, 3, 71, 2421649
List the prime factors of 75590274.
2, 3, 173, 72823
List the prime factors of 404008279.
404008279
What are the prime factors of 2410331?
7, 11, 23, 1361
What are the prime factors of 68668010?
2, 5, 6866801
What are the prime factors of 213880092?
2, 3, 607, 29363
List the prime factors of 215789223.
3, 13, 103, 53719
List the prime factors of 6741426448.
2, 79, 5333407
List the prime factors of 200042305.
5, 40008461
List the prime factors of 95378513.
6917, 13789
List the prime factors of 27636237.
3, 17, 180629
List the prime factors of 165269235.
3, 5, 67, 164447
What are the prime factors of 486061602?
2, 3, 13, 6231559
List the prime factors of 73371144.
2, 3, 7, 11, 39703
List the prime factors of 832010112.
2, 3, 53, 13627
What are the prime factors of 1001347147?
61, 439, 613
What are the prime factors of 5894117191?
131, 179, 251359
List the prime factors of 311249753.
17, 499, 36691
List the prime factors of 1790950612.
2, 11, 17, 2394319
List the prime factors of 38004980.
2, 5, 13, 146173
List the prime factors of 171622760.
2, 5, 79, 54311
What are the prime factors of 4514603133?
3, 1504867711
List the prime factors of 38199550.
2, 5, 23, 59, 563
List the prime factors of 2242060516.
2, 23, 1123, 21701
What are the prime factors of 101670344?
2, 12708793
List the prime factors of 2361990.
2, 3, 5, 43, 1831
List the prime factors of 46204411.
11, 4200401
List the prime factors of 1447695670.
2, 5, 23, 37, 311, 547
List the prime factors of 57245692.
2, 7, 2044489
List the prime factors of 1425581470.
2, 5, 10531, 13537
What are the prime factors of 303398259?
3, 101132753
What are the prime factors of 65029258?
2, 7, 31, 149837
List the prime factors of 135852909.
3, 4421, 10243
What are the prime factors of 3906151823?
7, 558021689
What are the prime factors of 1350085545?
3, 5, 30001901
What are the prime factors of 4407578987?
7, 23, 67, 103, 3967
What are the prime factors of 15965342?
2, 7982671
What are the prime factors of 2301856364?
2, 191, 3012901
What are the prime factors of 801762005?
5, 11, 53, 275047
What are the prime factors of 373464295?
5, 199, 375341
List the prime factors of 413078069.
19, 31, 661, 1061
List the prime factors of 675785186.
2, 439, 769687
What are the prime factors of 66526236?
2, 3, 7, 17, 53, 293
List the prime factors of 53431549.
149, 358601
List the prime factors of 467711207.
467711207
List the prime factors of 205360545.
3, 5, 13, 37, 28463
What are the prime factors of 354263408?
2, 17, 251, 5189
What are the prime factors of 978850423?
3023, 323801
What are the prime factors of 3530954675?
5, 43, 281, 11689
What are the prime factors of 2796951195?
3, 5, 20718157
What are the prime factors of 2464185172?
2, 4231, 145603
List the prime factors of 3653548660.
2, 5, 263, 694591
List the prime factors of 58593683.
58593683
What are the prime factors of 122968655?
5, 401, 61331
What are the prime factors of 62977373?
1723, 36551
What are the prime factors of 5751124936?
2, 383, 1876999
What are the prime factors of 5222019831?
3, 7, 19, 1499, 8731
List the prime factors of 2844118124.
2, 711029531
List the prime factors of 2423353954.
2, 7, 41, 61, 67, 1033
What are the prime factors of 458178090?
2, 3, 5, 47, 324949
List the prime factors of 112357920.
2, 3, 5, 149, 1571
List the prime factors of 289809749.
457, 634157
What are the prime factors of 130187746?
2, 13, 43, 116447
What are the prime factors of 1483274712?
2, 3, 41, 89, 16937
What are the prime factors of 32532500?
2, 5, 7, 11, 13
What are the prime factors of 591510705?
3, 5, 83, 475109
List the prime factors of 39488960.
2, 5, 7, 17, 61
List the prime factors of 5986683.
3, 221729
List the prime factors of 224091728.
2, 7, 97, 20627
List the prime factors of 79825217.
17, 31, 151471
List the prime factors of 717224487.
3, 7, 34153547
List the prime factors of 263621774.
2, 13, 29, 127, 2753
List the prime factors of 45591982.
2, 19, 1199789
List the prime factors of 526243749.
3, 23, 7626721
List the prime factors of 1253915911.
8543, 146777
List the prime factors of 60975119.
60975119
What are the prime factors of 209414670?
2, 3, 5, 17, 410617
What are the prime factors of 30669748?
2, 197, 38921
What are the prime factors of 668166115?
5, 133633223
List the prime factors of 1142600785.
5, 23, 47, 59, 3583
What are the prime factors of 6567846153?
3, 11, 199025641
What are the prime factors of 62676061?
7, 8953723
What are the prime factors of 71599361?
71599361
What are the prime factors of 221533917?
3, 11, 6713149
What are the prime factors of 7620431?
7, 13, 1709
What are the prime factors of 148210177?
148210177
List the prime factors of 235915723.
19, 149, 167, 499
What are the prime fa